. Suppose 4*g - 2*t - 208 = 0, -5*g - t = o*t - 238. List the prime factors of (3 - (-63)/(-2))*g/(-15).
5, 19
Let u(w) = -4*w - 35. Let h be u(-8). Let n(x) = 40*x**2 + 3*x + 11. What are the prime factors of n(h)?
2, 181
Let x(b) = -b**2 + 13*b - 7. Let f be x(12). Let r(c) = 44*c**2 - 6*c - 23. What are the prime factors of r(f)?
3, 349
Suppose -63117 + 13573 = -19*k + 18476. What are the prime factors of k?
2, 5, 179
Let h = 29 + -31. Let w be -18*(h + 5/2). What are the prime factors of (-1284)/w*(-9)/(-6)?
2, 107
Suppose 24 = 3*t + 5*f, 2*f = -3*t - 5 + 20. Suppose -2*k - 3475 = -t*v, 2*v = -4*k + 6*k + 2318. List the prime factors of v.
13, 89
Let p = 383 + 2957. List the prime factors of p.
2, 5, 167
Let r = -499 - -705. Suppose -c - c = -r. List the prime factors of 2/(-2 + 4)*c.
103
Let g = -2742 - -3034. What are the prime factors of g?
2, 73
Let c(h) = 106*h**2 + 30*h + 8. Let v be c(-7). Suppose -12*d - d = -v. List the prime factors of d.
2, 3
Suppose 430*b - 136800 = 405*b. List the prime factors of b.
2, 3, 19
Suppose 14*i - 154284 = -13772 + 141994. List the prime factors of i.
17, 1187
Let b(z) = z**2 + z. Let i be b(2). Let n be (4 - 5) + 2 + i. Suppose 4*m + l = 2*m + n, -5*l - 20 = -m. What are the prime factors of m?
5
Let m = -1341 + 3976. What are the prime factors of m?
5, 17, 31
Suppose 21311 = 2*k - 3*o, -3*k - 4*o + 23381 + 8594 = 0. List the prime factors of k.
10657
Suppose -14*d + 62 + 134 = 0. Suppose 19*n - 123 = -3*g + d*n, 4*n = 0. List the prime factors of g.
41
Let z(d) = 2*d**2 - 14*d + 34. Let b be z(5). Suppose 6*n + 4056 = b*n. What are the prime factors of n?
3, 13
Let q = 959 - -27. Let n = q - 54. What are the prime factors of n?
2, 233
Suppose -12*m - 593 = -9*m - o, -3*o + 195 = -m. List the prime factors of 9/(-6)*(-3 - (5 - m)).
3, 103
Let h(k) = 102*k + 9322. List the prime factors of h(0).
2, 59, 79
Suppose 4*z - 325 - 683 = 0. Let a = -139 + z. Suppose -5*s = -528 + a. What are the prime factors of s?
83
Suppose 437013 = -1203*q + 1262*q. List the prime factors of q.
3, 823
What are the prime factors of -8 + (1/8 - (1230395/(-40) + 0))?
2, 31
Let s(z) = -z**2 + 23*z + 32. Let g = 115 - 101. Let n be s(g). Suppose -30*i + n = -28*i. What are the prime factors of i?
79
Let k(q) = q**2 + q - 1. Let o(s) = 98*s**2 + s - 3. Let v(z) = -2*k(z) + o(z). Let x = 98 - 99. What are the prime factors of v(x)?
2, 3
Suppose 0 = -5*c + 5905 + 1770. Suppose 5*q - 3*x - c = q, 5*q = -x + 1933. What are the prime factors of q?
2, 193
Let c be (-6)/2 - (1 - 154*1). Suppose 0 = -148*h + c*h - 66. List the prime factors of h.
3, 11
Let i(w) = -2*w + 8. Let y be i(4). Let m be (-3577)/35 - -2*(-2)/(-20). Let o = y - m. What are the prime factors of o?
2, 3, 17
List the prime factors of -3 - -33540 - (-32 + 23).
2, 3, 5591
Let c = -461 + 757. Let v = 346 - c. What are the prime factors of v?
2, 5
Let h(q) = q**3 + 13*q**2 + 8*q + 9. Let t be h(-6). Let u = t + -63. Suppose 3*g = 2*p - 55 - 224, u = p - 5*g. What are the prime factors of p?
3, 5
Let j(a) = 64*a**2 - 15*a - 22. What are the prime factors of j(-8)?
2, 3, 233
Let b = 727 + -467. What are the prime factors of b?
2, 5, 13
Let k(f) = 108*f**2 + 56*f + 243. What are the prime factors of k(-7)?
37, 139
Let b(s) = -607*s - 62. What are the prime factors of b(-9)?
11, 491
Suppose -68*v = 54138 - 523749 - 69357. What are the prime factors of v?
2, 3, 1321
Suppose 3*n + 15329 = 4*l, -214 = -5*l - 3*n + 18981. Suppose -2*b + 4*b + 5*s - 1508 = 0, -4*s - l = -5*b. List the prime factors of b.
2, 191
Let q(c) = c**3 - 2*c**2 - 9*c + 3. Let w be q(4). Let j(x) = 2*x**2 + 3*x + 1. Let h be j(w). What are the prime factors of ((-35)/(-10) - h)*26?
7, 13
Suppose t = 5*u - 25, u - t = -4*t + 5. Suppose -3 - 6 = 2*q - 3*l, 2*q = u*l - 15. Suppose -6*b + 438 = -q*b. List the prime factors of b.
73
Let p = -53 - -47. Let i(b) = b**2 + 7*b - 3. Let v be i(p). List the prime factors of (-4 + (-39)/v)*381.
127
Suppose -k - 4*k = 3*b - 860, -2*k = -5*b - 344. Let n = 348 - k. What are the prime factors of n?
2, 11
Suppose 9*j - 11*j + 266 = 0. Suppose -2554 + j = -9*y. What are the prime factors of y?
269
Let j(c) = 4*c**3 + 12*c**2 + c + 7. Let p be j(-3). Suppose -r + p*r = -3*y + 1236, -5*r = -y + 412. List the prime factors of y.
2, 103
Let n(i) = -i**3 - 6*i**2 - 4*i + 3. Let a be n(-6). Suppose -a*p = 2*p - 11310. List the prime factors of p.
2, 3, 5, 13
Let v be ((-10)/(-6))/((-3)/(-9)). Let k be 71/v - (-8)/10. Let c = -5 + k. What are the prime factors of c?
2, 5
Let z be (6/13)/3 - (-27648)/104. Let r = z - -63. List the prime factors of r.
7, 47
Let h = 3677 - 551. Suppose -h = -5*l - 2*d, 5*l = 3*l + 3*d + 1239. What are the prime factors of l?
2, 3, 13
Suppose 22*l + 6*l = -1068062 + 3134126. What are the prime factors of l?
2, 3, 11, 13, 43
Let o = -546 - -521. Suppose 3*p + 2*p - 170 = 0. Let l = p + o. List the prime factors of l.
3
Suppose -14*p = -11*p + 3*f - 34311, -p + 11451 = 3*f. List the prime factors of p.
2, 3, 5, 127
Suppose 0 = 5*t - 4*n - 26924 + 6548, -4*n = -2*t + 8136. List the prime factors of t.
2, 3, 5, 17
Suppose -24799 = -9*o + 311. What are the prime factors of o?
2, 3, 5, 31
Let w = 17 - 7. Let n(x) be the second derivative of 2*x**3 - 4*x**2 - 53*x. List the prime factors of n(w).
2, 7
Suppose -5*o + 3098 - 1178 = 0. Suppose -139 + o = -5*a. Let j = a - -101. List the prime factors of j.
2, 13
Suppose 14 = 2*r - 10. Let j(p) = -155*p + 52*p + 57*p + 19 + 49*p. What are the prime factors of j(r)?
5, 11
Suppose 5*r - 4*n = -n + 9, -4*r = -4*n - 12. Suppose r = 3*a + 2*d - 5*d - 5424, -2*a + 3610 = -5*d. What are the prime factors of a/12 + 7/42?
151
Suppose 5*i - 153711 = y, -42*i + 46*i = -5*y + 122963. List the prime factors of i.
2, 19, 809
Let s(m) = m**3 + 6*m**2 - 9*m - 12. Let y be s(-7). Suppose -y*d - 5*t - 1078 = -5*d, 3*t = 2*d - 720. Let u = -191 + d. List the prime factors of u.
5, 7
Suppose 0 = -10*c + 10*c + x, -5*c + 3*x + 58055 = 0. List the prime factors of c.
17, 683
List the prime factors of 7/(-3 + 2 + 22620/22591).
7, 19, 41
What are the prime factors of (-366)/21*(-2898)/69?
2, 3, 61
Let x(y) = y**2 + 19*y - 33. Let r be x(-20). Let q be 7/(r/(-14) + 2/(-2)). What are the prime factors of 4 + 24/(-4) + q/(-1)?
2, 3
Let l(z) be the second derivative of -z**4/12 + 5*z**3/3 + 45*z**2/2 + 3*z. Let x be l(11). Let t = x - -102. What are the prime factors of t?
2, 17
Let h = -103 - -5095. List the prime factors of h.
2, 3, 13
Let u be 6/36*2 - 77/(-3). Suppose 39*g - u*g - 3380 = 0. What are the prime factors of g?
2, 5, 13
Let w(q) = q**2 - q + 2. Let i be w(0). Let k be 2*(-1)/(i/(-15)). Let h = -7 + k. List the prime factors of h.
2
Let s(u) = 2*u. Let v(q) = -4*q + 1. Let m(n) = -7*s(n) - 4*v(n). Let y be m(-5). What are the prime factors of ((-120)/y)/(8/56)?
2, 3, 5
Suppose 393 + 87 = 16*o. What are the prime factors of o?
2, 3, 5
Suppose -3*t - 105*b + 101*b = 14, -20 = 4*b. Suppose 25*i + 1116 = 27*i - 3*z, 1128 = t*i + 3*z. What are the prime factors of i?
3, 11, 17
Suppose 0 = k - 4*x - 0*x - 1304, -5*k + x = -6501. Suppose 1123 + k = 3*i + 5*n, n + 1624 = 2*i. What are the prime factors of i?
811
Let h(l) = -l**2 + 8*l + 2. Let v be h(0). Suppose -m - 4*o + 458 = 0, 0 = -5*o + v*o + 3. What are the prime factors of m?
2, 227
Let i = 233 + -126. Let g = -103 + i. Suppose 1066 = g*m - 2*r, 0*r - 3*r - 1333 = -5*m. What are the prime factors of m?
2, 7, 19
Suppose -4*c + 85300 = -4*t, 197*c - 3*t - 42646 = 195*c. What are the prime factors of c?
7, 11, 277
Let u be ((1 - 0/(-3))*794)/2. Let i = u + -251. What are the prime factors of i?
2, 73
Let i be 6713/14 - 1/(-2). Let n be ((-2)/(-4))/(6/i). Suppose q - 98 = -5*d, -5*q = -4*d - 588 + n. List the prime factors of q.
2, 3
Suppose 0 = -h - 2*p + 3418, -4*h = -2*p - 19206 + 5504. List the prime factors of h.
2, 107
Suppose -3*i - i = -3*k - 16693, 4*i - 16696 = 4*k. Suppose 7*l - i - 36 = 0. What are the prime factors of l?
601
Suppose 54*d = 355990 + 14234. List the prime factors of d.
2, 857
Suppose -5*r - 57789 = 5*i - 9*i, 4*r = -20. List the prime factors of i.
7, 2063
Let l(n) = -1385*n - 1937. List the prime factors of l(-7).
2, 3, 431
Suppose -2*m - 4